mber?
False
Suppose -27*v + 455127 = 19*v - 43*v. Is v composite?
True
Suppose 0 = -2*c + 2*n + n - 2318, 2*n + 4636 = -4*c. Let i = c - -4818. Is i composite?
False
Is (-10694)/(-4)*(110 - 108) prime?
True
Let a = -26552 - -203673. Is a composite?
True
Let x(z) = -10*z - 17. Let o(d) = -5*d - 8. Let f(c) = 5*o(c) - 2*x(c). Let v be f(-3). Let p(l) = 120*l + 2. Is p(v) prime?
False
Let q be (2 + -3)*(-1508 - 1). Suppose -4371 = -3*i + q. Suppose i = 5*x - 2545. Is x a composite number?
True
Let b(p) = -p**3 + 18*p**2 - 29*p - 51. Let v be b(16). Is v - 200/(-10)*831/6 prime?
True
Let s(v) = v**3 - 9*v**2 - 36*v + 3. Let j be s(12). Is -20 - -21 - (-11880)/j composite?
True
Suppose 5*a + b = 1058259 + 1008834, 1240247 = 3*a + 5*b. Is a a composite number?
True
Let k = 1508 - -50961. Let x = k - 17322. Is x a composite number?
True
Is (-1 - 0)*21*(-29482)/6 prime?
False
Let l = 95 + -86. Suppose l*f - 13*f - 20 = 0. Is -3*(f - (-4592)/(-12)) composite?
False
Suppose -12*o = -4*o - 48. Is (2 + 14735)/1 + o a composite number?
True
Let x = 111410 - 13141. Is x a prime number?
True
Suppose 0 = -3*i - i - 16. Let z be 1/i + (-3)/(-12). Is (-16)/(-4) - (-289 - z) a prime number?
True
Let g(b) = -4*b + 2*b**2 + 0*b**2 + 0*b**2 + 9*b**2 - 20. Is g(-15) a composite number?
True
Let g(i) = 315*i**3 + 5*i**2 - 3*i + 2. Let t = 344 + -341. Is g(t) a composite number?
False
Let l be (3093*(-2)/2)/(14 + -15). Let u be (-4)/(-6) + (-10204)/6. Let q = u + l. Is q a composite number?
True
Suppose 10*s - 16 + 46 = 0. Let l(r) = 4*r**2 - 2*r + 12. Let z(f) = -13*f**2 + 5*f - 35. Let g(n) = s*z(n) - 8*l(n). Is g(10) composite?
False
Let o = -202419 + 319076. Is o prime?
True
Let g(o) = o**2 + 30*o - 1713. Is g(47) prime?
False
Let d(c) = 909*c**2 - 205*c - 1183. Is d(-6) a prime number?
True
Suppose 0 = x, -3*x = -s - 1054 - 2020. Let n = s - -4513. Is n composite?
False
Let k(l) = 9*l**3 + l**2 - 8. Let p(y) = -10*y**3 - 2*y**2 - y + 8. Let g(d) = -6*k(d) - 5*p(d). Let i be g(-10). Let r = i + -3091. Is r composite?
True
Suppose -155*c - 40249 = -158*c - q, c - 4*q - 13438 = 0. Is c prime?
False
Let y(l) = -l**2 - 6*l - 6. Let n be y(-4). Suppose -7*f + n*f - 4*k = -308, 3*k - 119 = -2*f. Suppose 0 = -2*v - f + 738. Is v a composite number?
False
Let u = 35836 + -17483. Is u a prime number?
True
Suppose -5*j - 7898 = 4307. Let g = 3820 + j. Is g prime?
False
Let t be -5 - (3/7 - 456/84). Suppose -32*j + 41*j - 89847 = t. Is j prime?
False
Let g(c) = 8*c - 8. Let w be g(2). Let d be 67755/(0 - -2 - (-5 + w)). Is d/(-20) - (-9)/(-12) a composite number?
True
Suppose -1443 = -i + 289. Let h be 15/(-6)*3*-114. Let o = i - h. Is o prime?
True
Suppose 3*k - 6397 + 1621 = 0. Suppose -k = -4*l + 276. Is l a composite number?
False
Let s = 68 + -228. Let n = s + 1301. Is n a composite number?
True
Is ((-439165)/(-2))/(25/150*15) composite?
False
Suppose 3*n + 0*n - 5*t = 1958, 5*n - 3234 = t. Suppose -24*w + 22*w + n = 0. Is w a composite number?
True
Suppose -4 = 4*n + 12, -n + 107 = -r. Let q(o) = o**3 - 6*o**2 + 5*o - 3. Let m be q(5). Is -3 + 2/m*r prime?
True
Suppose 4196670 = 17*d + 10*d + 392613. Is d a prime number?
True
Let l = 17 + 17. Suppose 0 = -3*z - 3, -l = 2*s - 6*s - 2*z. Is (21776/(-24))/((-6)/s) composite?
False
Suppose -x = -z - 20793, 21742 = 3*x + 2*z - 40617. Is x a composite number?
False
Let o(r) = 26*r**2 - 16*r + 18. Let b be o(6). Suppose 0 = 3*l + 10*l - b. Suppose -t = t - l. Is t a composite number?
True
Let o be 2/6*3 + -1. Suppose -2*x = -c - 4*c - 13143, o = 2*c + 2*x + 5246. Let i = -1572 - c. Is i a prime number?
False
Suppose 519*w = 623*w - 12509848. Is w prime?
False
Let l(d) = 2*d**3 + 1 + 22*d**2 + 11*d - 13*d**2 - 27 - 45*d**2. Is l(19) prime?
False
Suppose 21*a = 28*a + 18109. Let n = 1072 - a. Is n composite?
False
Let r(t) = -t - 9. Let x(z) = -2*z**2 - 41*z + 8. Let u be x(-21). Let g be r(u). Suppose 6482 = -g*c + 16566. Is c composite?
False
Let c = 261624 + -181211. Is c prime?
False
Let b = -23 - -25. Let f be -29*b/(-12) + 8/48. Suppose 4*q - 9113 = o, -f*q + 4*o + 11389 = 2*o. Is q a prime number?
False
Let u(g) be the first derivative of 43*g**4 + 2*g**3/3 - 2*g**2 + 17*g - 175. Is u(3) a prime number?
False
Let w(v) = 295*v**2 - 5*v - 39. Let i(q) = -59*q**2 + q + 8. Let k(n) = -11*i(n) - 2*w(n). Let r be k(-5). Suppose -125 = -5*y + r. Is y prime?
False
Let c = 356000 - 65139. Is c a composite number?
False
Suppose 5*m - 240852 = 4*t + 399891, 0 = 4*m + t - 512586. Is m a prime number?
True
Suppose -b + 8 = -4*k + 46, 0 = k - 2*b - 13. Let l(t) = 31*t + 52. Is l(k) prime?
True
Let q = -570 + 1197. Let s = q - 8407. Is (s/(-2))/2 + 4 prime?
True
Is -87 + 370739 + -3 + 0 prime?
False
Let q(h) = -h**2 - 6*h + 11. Let m be q(-6). Suppose -4*g = -4*w - 25020, -12520 = -m*g + 9*g - 3*w. Is g prime?
True
Let i(d) = -302*d + 719. Is i(-40) a prime number?
True
Suppose 1224165 = 28*a - 1197107. Is a a prime number?
False
Suppose -3046 - 1070 = -3*c. Suppose 7 = -5*j + 17. Suppose 5*t = 15, j*t - c = -h - 0*t. Is h composite?
True
Let f(x) be the third derivative of -5*x**4/3 - 79*x**3/6 + 65*x**2. Is f(-14) prime?
False
Suppose -8*q = -20*q + 17*q - 43835. Is q prime?
False
Suppose 0 = -q - 3, -10 - 23 = -3*a - 3*q. Let n be (1/(-4))/((a/(-24))/7). Is (-10806)/9*(-5)/(10/n) prime?
True
Let i be 8/4 - 4 - (7 - 12). Is (-2018388)/184*(-2)/i prime?
False
Let o(x) = 0*x - 362*x**3 + x + 2*x - 55*x**2 - 3 + 56*x**2. Let d(u) = 1087*u**3 - 4*u**2 - 9*u + 9. Let n(f) = -4*d(f) - 11*o(f). Is n(-2) a prime number?
True
Let s = 1605835 + -1130864. Is s a composite number?
True
Suppose 3*w - 1309 - 1071 = 4*a, w = -2*a + 780. Suppose w = -4*q + 5*q. Let k = 1505 - q. Is k prime?
False
Let m(x) = x**3 + 7*x**2 - 13*x + 17. Let g be m(13). Suppose -2*p - 1405 = 2*z - 7837, z - 2*p = g. Is (z/50)/((-2)/(-5)) a composite number?
True
Let j = 110 - 108. Suppose -j*f = -1368 - 1990. Is f prime?
False
Let w = -3777 - -3771. Let i(a) = -21*a**2 + 17. Let l(g) = -22*g**2 + 17. Let o(t) = -3*i(t) + 2*l(t). Is o(w) composite?
True
Let j = -8940 + 13141. Is j a composite number?
False
Let h = -13496 + 26529. Is h a composite number?
False
Let j(k) = -k**3 + 8*k**2 + 10*k - 6. Let x be j(9). Suppose -5*l + 3*d + 17 = 2*d, 3*l + x*d - 3 = 0. Suppose -452 = -l*m - m. Is m a prime number?
True
Let l be 0/(-1) - ((1 - 3) + -7). Let o be l/(-3) + (17 - -2). Is o/4 - (-1299)/3 composite?
True
Let c be 8/(-36)*1 - (-17464)/18. Suppose -4973 = -3*i + c. Is i a composite number?
True
Let s be -4*(3 - 5) - -3. Suppose 100108 = s*j - 582189. Is j prime?
False
Let n = 401 - 241. Let b be (-3)/(5/(n/(-12))). Suppose q = 2*l - 264, 0 = -4*l + b*l - 5*q - 534. Is l composite?
False
Suppose 0 = 75*s - 69*s - 24. Suppose -4608 = -5*i - o + 8899, s*i = 4*o + 10796. Is i a prime number?
False
Suppose 0 = 54*u - 57*u + 945. Is 55/10 - 6 - u/(-2) a composite number?
False
Let t = -5172 + 34639. Is t prime?
False
Let l(y) = 36*y - 609. Let r be l(17). Let h(w) = -2*w**2 - 3*w - 4 + 7*w + 44*w**3 - 1. Is h(r) a composite number?
True
Suppose 4*r - 7*y + 5*y = -82, 80 = -5*r - 2*y. Is (-30478)/(-18) + r/81 prime?
True
Suppose -q + 3*g - 18 = 0, 4*q + 0*g = 4*g - 96. Let n = -21 + q. Let y = 63 + n. Is y prime?
False
Let w(g) = -4018*g**3 + 66*g**2 + 267*g + 1. Is w(-4) prime?
True
Suppose 79*t - 81*t - 686 = 0. Let a = t - -3390. Is a a composite number?
True
Suppose 0 = 3*n + l - 1918897, 2*l - 612909 = 3*n - 2531794. Is n prime?
True
Let s(f) be the second derivative of -f**5/20 + f**4/2 + f**3 + 2*f**2 + f + 14. Let j(d) = d**2 + 13*d + 17. Let r be j(-12). Is s(r) composite?
False
Suppose -4*t = j + 71, -5*j - 377 = -9*t + 7*t. Is 3603*10/(-18)*45/j prime?
True
Is 558/837*(-871062)/(-4) a prime number?
True
Let f be 134*19 + (-5 + -1 - -1). Suppose -2*v + 706 = 5*i - 302, 2*i = -5*v + f. Is v a prime number?
True
Is -21302*(60/270)/((-8)/18) a composite number?
False
Let p = -12468 + 19779. Is p a prime number?
False
Let i = -114960 - -267811. Is i prime?
True
Let b = -10051 - -4661. Let g = b + 9693. Is g composite?
True
Let k(d) = 15476*d + 96. Let f be k(8). Suppose -13*n - 33723 = -f. Is n a composite number?
True
Let z = -500106 - -1020943. Is z prime?
True
Le